ppose 11*b - c = -868. What is the units digit of b?
0
Suppose -3*j - 51 = 96. Let m = j + 598. What is the tens digit of m?
4
Let k = 27409 - 7034. What is the tens digit of k?
7
Suppose -74*n + 1093187 = -685194 - 100701. What is the ten thousands digit of n?
2
Let o be 60/8*(4 - 8 - -10). Suppose 33*k = 38*k + o. Let s = k - -67. What is the tens digit of s?
5
Suppose 217*g - 222*g - y = -64984, -g + 4*y = -13001. What is the hundreds digit of g?
9
Let p(x) = x**3 + 21*x**2 + 40*x + 45. Let n be p(-18). What is the tens digit of n + (-52)/(-44) + 2/(-11)?
9
Let n(u) = -4*u + 35. Let i be n(9). Let g(x) = -267*x - 13. What is the units digit of g(i)?
4
Let j(i) = 478*i**2 + 6*i + 255. What is the tens digit of j(14)?
2
Suppose 43*y - 36*y + 28 = 0. What is the thousands digit of (1147/y)/(7/(-28))?
1
Let d be (196/(-56))/(1/44). Let k = d + 217. What is the units digit of k?
3
Suppose 1 = -5*p - 4*v, 5*p - 14 = 3*p + 2*v. Suppose 0 = 2*d - s - 443, -2*d - p*s = -s - 428. What is the tens digit of d?
1
Let a(w) be the second derivative of -w**4/12 - 5*w**3/3 + 5*w**2/2 + 4*w - 1. Let g(i) = -3*i - 2. Let d be g(2). What is the tens digit of a(d)?
2
Let m(p) = 36*p - 208. Let s be m(6). What is the thousands digit of 1 + (2494/2 - s)?
1
Let j = 3260 + -7027. Let l = 5618 + j. What is the thousands digit of l?
1
Let s = 14 - 15. Let y be 2/(s/(3 + -3 - 2)). Suppose -2*n = y*k - 484, 3*k + 2*n - 300 - 65 = 0. What is the hundreds digit of k?
1
Suppose -72803 = -22*z + 202 + 66937. What is the thousands digit of z?
6
Let a(m) = -1383*m + 9227. What is the tens digit of a(-43)?
9
Suppose s = -20*s - 2562. Let o = 242 + s. What is the units digit of o?
0
Let o(i) be the second derivative of i**4/12 - 7*i**3/6 - 12*i**2 + 17*i. Let r be o(10). What is the units digit of ((-18)/4)/(r/(-88))?
6
Suppose -7 = -z, -k + 3*z + 24454 + 2490 = 0. What is the ten thousands digit of k?
2
What is the thousands digit of 21 + -15 + 2 - -44013?
4
Suppose -451546 = 36*h - 98*h. What is the thousands digit of h?
7
Let f = 197 + -193. Suppose -a + 5*a + 3*p = 1159, -f*p + 4 = 0. What is the tens digit of a?
8
Let v(t) = t**3 + 8*t**2 - 4*t + 12. Let p be v(7). Suppose 10*j + p = 2319. What is the tens digit of j?
6
Let s(c) = -275*c - 70 + 140*c + 119*c. What is the units digit of s(-20)?
0
Suppose 3 = -13*z + 16. What is the hundreds digit of (4 - 4) + (z - -105)?
1
Suppose -8*o + 4*n = -13*o + 3790, -2*o + 2*n = -1516. Suppose -4*z = 5*x - 0*z - o, 2*x + 5*z = 310. What is the units digit of x?
0
Suppose 11*l - 6208 = 3*l. Let z = -180 + l. Suppose o - 4 + 2 = 0, -3*m - 4*o + z = 0. What is the tens digit of m?
9
Suppose -32*y = -305133 + 112813. What is the thousands digit of y?
6
Suppose 100 = 4*x - 120. Let i(u) = 49*u + 4 - u**2 + x*u + 114*u**3 - 108*u. What is the tens digit of i(1)?
1
Suppose 5*l + 4*g + 1881 = 0, 1511 = -4*l + 3*g - 0*g. Let o = l + 549. What is the tens digit of o?
7
Suppose -3*v + 5*r + 43 = -0*v, -4*v - 2*r + 14 = 0. Suppose l = v*l. Suppose -a + 6*a - 465 = l. What is the tens digit of a?
9
What is the hundreds digit of 1818 + ((-49)/14)/(8/16)?
8
Let o(z) = -4*z**3 - 45*z**2 - 74*z - 8. What is the tens digit of o(-22)?
3
Suppose 0 = -4*s - 2*s + 231718 + 24152. What is the tens digit of s?
4
What is the units digit of (-110)/(20/(-17360)*14)?
0
Suppose -30 = -z + 3*l, -5*z = 10*l - 12*l - 137. Suppose -21*k = -z*k + 7074. What is the tens digit of k?
7
Suppose -325*j + 324*j = 2, -j = -2*z + 27456. What is the tens digit of z?
2
Let n(b) = 35*b**3. Suppose 4*o - 5*m + 29 = 0, 6*o + 30 = o + 5*m. Let l be n(o). What is the tens digit of 3*1/9 - l/3?
1
Let m(u) = -9 + 3*u - 4*u + 10*u**2 - u**3 - 10*u. Let h be m(9). Let j = h + 100. What is the units digit of j?
3
What is the thousands digit of 3421 + -4 - (22 + -22)?
3
Let v(z) = z**2 + 7*z - 221. Let o be v(12). Suppose 886 = o*l + 60. What is the tens digit of l?
1
What is the units digit of (795 - 49)/((-3)/(-33))?
6
Suppose 0 = -8*z + 20*z - 14*z + 34958. What is the tens digit of z?
7
Suppose 7*m = -1271 + 1390. Let p be (-2 + 1 + 1)/1. Suppose g - m = -p. What is the tens digit of g?
1
Let k(q) = -q - 3. Let c(x) = -39*x + 186. Let g(s) = -c(s) - 4*k(s). What is the tens digit of g(15)?
7
Suppose -5*s + 4*c = -6*s + 16, 4*s = 2*c + 28. Suppose -s*l + 1571 = -149. What is the units digit of l?
5
Let b = 10029 + -6559. What is the units digit of b?
0
Let x = -35 - -40. Suppose -x*j - 48 = -7*j. Suppose 18*n + 30 = j*n. What is the units digit of n?
5
Let g be 3 - (7 + 4/(-1)). Suppose -2*k + 4 = g, -2*d + k + 86 = -26. Let b = 10 + d. What is the units digit of b?
7
Suppose 3*o - 3*u = 3627, 174*o - 2*u = 176*o - 2426. What is the tens digit of o?
1
Let l = 2424 + -1267. What is the thousands digit of l?
1
Let w(u) = -2*u**2 - 326*u - 106. What is the units digit of w(-87)?
8
Let j = -109 - -517. Suppose j*v = 414*v - 2256. What is the tens digit of v?
7
Let b = 7 + 11. Let v be ((-189)/(-18))/(3/b). Suppose -2*s = r - 29, -3*r + 2*s + v = -0*r. What is the tens digit of r?
2
Let s = -1991 + 5925. What is the thousands digit of s?
3
Let s(q) = 12*q**2 - 19*q - 63. Let v = -306 - -301. What is the tens digit of s(v)?
3
Let c be (3 - 2)*(-15)/(5 + -10). Suppose c*q - 5*q + 80 = 0. What is the tens digit of q?
4
Suppose -3706 = 39*a - 216168 - 907. What is the tens digit of a?
7
Suppose 0 = 180*k - 24*k - 5106660. What is the tens digit of k?
3
Let d be 1/6 - 92/(-24). Suppose -3*k + 29 = d*o - 13, -3*o + 21 = -3*k. What is the units digit of 1059/15 - o/15?
0
Let h = 15646 - 10019. Suppose -1454 = 3*z - h. Suppose -u + z = 12*u. What is the tens digit of u?
0
What is the tens digit of ((-5182)/(-6))/((-187)/(-561))?
9
Let g be (-6)/((-5)/(-5)) + 15/1. Suppose g*o - 3123 = 5949. What is the tens digit of o?
0
Let f be 11 + 1055/(-95) - 97/(-19). What is the hundreds digit of (-6)/(-16) + (-78883)/(-56) + f?
4
Let z(p) = 8*p**2 - 128*p - 5622. What is the tens digit of z(-55)?
1
What is the thousands digit of 803970/30 - 11/((-33)/30)?
6
Suppose -7*v = -0*v - 10920. Let z be 1/2 + v/16. Let c = -52 + z. What is the tens digit of c?
4
Let y(d) = -27*d**3 - 13*d**2 - 85*d - 601. What is the units digit of y(-7)?
8
Let f = -33895 + 34760. What is the tens digit of f?
6
Let g(z) = 51*z + 16. Let o be g(-8). Let k = o + 928. What is the tens digit of k?
3
Suppose 3*q - 24 = 0, -429*p = -431*p - 4*q + 121584. What is the hundreds digit of p?
7
Let s(m) = m - 39 - 6 + 1285*m**2 - 1271*m**2. What is the hundreds digit of s(-7)?
6
Suppose 14875 = 37*c - 279990 - 829935. What is the tens digit of c?
0
Suppose 0 = -3144*o + 3216*o - 3701304. What is the tens digit of o?
0
Let k(c) = c**3 - 13 + 5*c - 4 + 0 - 6*c**2 - 3*c**2 - 3. Let l = 21 + -12. What is the tens digit of k(l)?
2
Let s = 626 - 318. What is the tens digit of 261436/s - (-2)/11?
4
Suppose -5*i = 11*i - 96. Suppose i*y - 1458 = -240. What is the tens digit of y?
0
Let c(d) = d + 0*d - 2*d + 7*d + 45. Let z be c(-7). Let j(x) = 3*x**3 - 4*x**2 - 5*x + 15. What is the tens digit of j(z)?
4
Suppose o = 3*a + 1203, -3*o - 3*a = -7*a - 3604. Suppose o = -d + 9*d. Suppose 2*k - 701 = -3*f, 5*k + d = f - 112. What is the hundreds digit of f?
2
Let r(s) = s + 9. Let g be r(5). Suppose -17*q + 960 = -g*q. Let v = q - 145. What is the tens digit of v?
7
Suppose -8*m - 6*v - 50259 = -11*m, 0 = -3*m - 3*v + 50295. What is the hundreds digit of m?
7
What is the ten thousands digit of -10 - ((-12)/(-30))/(3/(-103575))?
1
Suppose y = 4*j + 11733, 2*y + 4*j - 58713 = -3*y. What is the thousands digit of y?
1
Let y = -788 - -792. Suppose y*h - 7*h = n - 2302, 2*n - 1536 = -2*h. What is the units digit of h?
7
Let y be (4/4)/(222/72 + -3). Suppose -y*q = -1988 - 1384. What is the units digit of q?
1
Let y(x) = 15*x**3 + 42*x**2 - 5*x - 95. What is the thousands digit of y(6)?
4
What is the units digit of -72*(-66 + 1 + 5)?
0
Let q be 540/(-162)*(-6)/5. What is the units digit of 749 + (8 - 2) - q?
1
Let q = -7473 + 10476. What is the units digit of q?
3
Suppose 0 = 3*s + s - 152. Let x = 25 - s. Let z = x - -21. What is the units digit of z?
8
Suppose -4*b - 54039 = -9*j + 96369, -j = -5*b - 16712. What is the ten thousands digit of j?
1
Suppos